{"id":2249,"date":"2024-04-17T08:53:34","date_gmt":"2024-04-17T08:53:34","guid":{"rendered":"https:\/\/summacum.lauder.hu\/?page_id=2249"},"modified":"2024-05-29T12:45:18","modified_gmt":"2024-05-29T12:45:18","slug":"biome00","status":"publish","type":"page","link":"https:\/\/summacum.lauder.hu\/index.php\/biome00\/","title":{"rendered":"Lauder Biome Audio Trail \/ Lauder Biom Audio-tan\u00f6sv\u00e9ny"},"content":{"rendered":"\n<p>The Lauder Biome Project is a multidisciplinary initiative involving a number of&nbsp; sub projects for different age groups. It was started in 2023 and is meant to be expanded yearly by student groups in the fields of biology, language education, literature and design, while remaining open to future collaboration with other subjects.<\/p>\n\n\n\n<p><em>A Lauder Biome Projekt egy multidiszciplin\u00e1ris kezdem\u00e9nyez\u00e9s, amely sz\u00e1mos alprojektet foglal mag\u00e1ban, k\u00fcl\u00f6nb\u00f6z\u0151 korcsoportok sz\u00e1m\u00e1ra. A projekt 2023-ban indult, \u00e9s a tervek szerint \u00e9vente b\u0151v\u00fcl biol\u00f3gia, nyelv, irodalom, diz\u00e1jn \u00e9s m\u00e1s t\u00e1rgyak egy\u00fcttm\u0171k\u00f6d\u00e9s\u00e9ben, egyes tanul\u00f3 csoportok bevon\u00e1s\u00e1val.<\/em><\/p>\n\n\n\n<p>The first leg of the project was completed in May of 2024, the product being an audio trail of plant, animal and fungi species classified, researched and described in English and Hungarian by the students of the language year classes Rubin, Smaragd and Zaf\u00edr. The descriptions are scientific as well as entertaining, and provide a professional text and audio recording for a set of Biology, Hungarian and English reading comprehension, and translation exercises.&nbsp;<\/p>\n\n\n\n<p><em>A projekt els\u0151 szakasza 2024 m\u00e1jus\u00e1ban z\u00e1rult, az eredm\u00e9ny egy k\u00e9tnyelv\u0171 tan\u00f6sv\u00e9ny, melyet a Rubin, a Smaragd \u00e9s a Zaf\u00edr oszt\u00e1lyos nyelvi \u00e9vfolyamos tanul\u00f3k hoztak l\u00e9tre. A gyerekek v\u00e9gezt\u00e9k a kutat\u00f3munk\u00e1t, \u0151k k\u00e9sz\u00edtett\u00e9k a n\u00f6v\u00e9ny-, \u00e1llat- \u00e9s gombafajok le\u00edr\u00e1s\u00e1t, \u00e9s az ezekr\u0151l k\u00e9sz\u00fclt hangfelv\u00e9teleket. Az anyagok tudom\u00e1nyos ig\u00e9ny\u0171ek, de sz\u00f3rakoztat\u00f3ak, \u00e9s szakszer\u0171 sz\u00f6veg- \u00e9s hangfelv\u00e9telt biztos\u00edtanak term\u00e9szetismeret- \u00e9s biol\u00f3gia feladatokhoz, vagy ak\u00e1r magyar \u00e9s angol sz\u00f6veg\u00e9rt\u00e9si \u00e9s ford\u00edt\u00e1si gyakorlatokhoz.<\/em><\/p>\n\n\n\n<p>Project coordinator\/<em>Projektfelel\u0151s:<strong> <\/strong><\/em><strong><em>L\u00e9vay Zsuzsa<\/em><\/strong><\/p>\n\n\n\n<ol><li><a rel=\"noreferrer noopener\" href=\"https:\/\/summacum.lauder.hu\/index.php\/biome01\/\" data-type=\"URL\" data-id=\"https:\/\/summacum.lauder.hu\/index.php\/biome01\/\" target=\"_blank\">Horse Chestnut \/ Vadgesztenye \/ <em>Aesculus hippocastanum<\/em><\/a><\/li><li><a rel=\"noreferrer noopener\" href=\"https:\/\/summacum.lauder.hu\/index.php\/biome02\/\" data-type=\"URL\" data-id=\"https:\/\/summacum.lauder.hu\/index.php\/biome02\/\" target=\"_blank\">European Hornbeam \/ Gyerty\u00e1n \/ <em>Carpinus betulus<\/em><\/a><\/li><li><a rel=\"noreferrer noopener\" href=\"https:\/\/summacum.lauder.hu\/index.php\/biome03\/\" data-type=\"URL\" data-id=\"https:\/\/summacum.lauder.hu\/index.php\/biome03\/\" target=\"_blank\">Sugar Maple \/ Cukor juhar \/ <em>Acer Saccharum<\/em><\/a><\/li><li><a rel=\"noreferrer noopener\" href=\"https:\/\/summacum.lauder.hu\/index.php\/biome04\/\" data-type=\"URL\" data-id=\"https:\/\/summacum.lauder.hu\/index.php\/biome04\/\" target=\"_blank\">European Spindle \/ K\u00f6z\u00f6ns\u00e9ges kecsker\u00e1g\u00f3 \/ <em>Euonymus europaeus<\/em><\/a><\/li><li><a rel=\"noreferrer noopener\" href=\"https:\/\/summacum.lauder.hu\/index.php\/biome05\/\" data-type=\"URL\" data-id=\"https:\/\/summacum.lauder.hu\/index.php\/biome05\/\" target=\"_blank\">Spring Cavalier \/ Fak\u00f3s\u00e1rga pereszke \/ <em>Paralepista gilva<\/em><\/a><\/li><li><a rel=\"noreferrer noopener\" href=\"https:\/\/summacum.lauder.hu\/index.php\/biome06\/\" data-type=\"URL\" data-id=\"https:\/\/summacum.lauder.hu\/index.php\/biome06\/\" target=\"_blank\">Common Juniper \/ K\u00f6z\u00f6ns\u00e9ges bor\u00f3ka \/ <em>Juniperus communis<\/em><\/a><\/li><li><a rel=\"noreferrer noopener\" href=\"https:\/\/summacum.lauder.hu\/index.php\/biome07\/\" data-type=\"URL\" data-id=\"https:\/\/summacum.lauder.hu\/index.php\/biome07\/\" target=\"_blank\">Common Earthworm \/ K\u00f6z\u00f6ns\u00e9ges f\u00f6ldigiliszta \/ <em>Lumbricus terrestris<\/em><\/a><\/li><li><a rel=\"noreferrer noopener\" href=\"https:\/\/summacum.lauder.hu\/index.php\/biome08\/\" data-type=\"URL\" data-id=\"https:\/\/summacum.lauder.hu\/index.php\/biome08\/\" target=\"_blank\">Seven-spot ladybird \/ H\u00e9tpettyes katicabog\u00e1r \/ <em>Coccinella Septempunctata<\/em><\/a><\/li><li><a rel=\"noreferrer noopener\" href=\"https:\/\/summacum.lauder.hu\/index.php\/biome09\/\" data-type=\"URL\" data-id=\"https:\/\/summacum.lauder.hu\/index.php\/biome09\/\" target=\"_blank\">Hoof Fungus \/ Tapl\u00f3 gomba \/ <em>Fomes Fomentarius<\/em><\/a><\/li><li><a rel=\"noreferrer noopener\" href=\"https:\/\/summacum.lauder.hu\/index.php\/biome10\/\" data-type=\"URL\" data-id=\"https:\/\/summacum.lauder.hu\/index.php\/biome10\/\" target=\"_blank\">Mammoth Pine \/ Mamutfeny\u0151 \/ <em>Sequoiadendron giganteum<\/em><\/a><\/li><li><a rel=\"noreferrer noopener\" href=\"https:\/\/summacum.lauder.hu\/index.php\/biome11\/\" data-type=\"URL\" data-id=\"https:\/\/summacum.lauder.hu\/index.php\/biome11\/\" target=\"_blank\">European Red squirrel \/ Eur\u00f3pai v\u00f6r\u00f6s m\u00f3kus \/ <em>Sciurus vulgaris<\/em><\/a><\/li><li><a rel=\"noreferrer noopener\" href=\"https:\/\/summacum.lauder.hu\/index.php\/biome12\/\" data-type=\"URL\" data-id=\"https:\/\/summacum.lauder.hu\/index.php\/biome12\/\" target=\"_blank\">Common ivy \/ K\u00f6z\u00f6ns\u00e9ges borosty\u00e1n \/ <em>Hedera helix<\/em><\/a><\/li><li><a rel=\"noreferrer noopener\" href=\"https:\/\/summacum.lauder.hu\/index.php\/biome13\/\" data-type=\"URL\" data-id=\"https:\/\/summacum.lauder.hu\/index.php\/biome13\/\" target=\"_blank\">Agile frog \/ Erdei b\u00e9ka \/ <em>Rana dalmatina<\/em><\/a><\/li><li><a rel=\"noreferrer noopener\" href=\"https:\/\/summacum.lauder.hu\/index.php\/biome14\/\" data-type=\"URL\" data-id=\"https:\/\/summacum.lauder.hu\/index.php\/biome14\/\" target=\"_blank\">Leatherleaf viburnum \/ R\u00e1ncoslevel\u0171 bangita \/ <em>Viburnum rhytidophyllum<\/em><\/a><\/li><li><a rel=\"noreferrer noopener\" href=\"https:\/\/summacum.lauder.hu\/index.php\/biome15\/\" data-type=\"URL\" data-id=\"https:\/\/summacum.lauder.hu\/index.php\/biome15\/\" target=\"_blank\">Turkey Oak \/ Csert\u00f6lgy \/ <em>Quercus cerris<\/em><\/a><\/li><li><a rel=\"noreferrer noopener\" href=\"https:\/\/summacum.lauder.hu\/index.php\/biome16\/\" data-type=\"URL\" data-id=\"https:\/\/summacum.lauder.hu\/index.php\/biome16\/\" target=\"_blank\">Liberty cap \/ Hegyes badargomba \/ <em>Psilocybe semilanceata<\/em><\/a><\/li><li><a rel=\"noreferrer noopener\" href=\"https:\/\/summacum.lauder.hu\/index.php\/biome17\/\" data-type=\"URL\" data-id=\"https:\/\/summacum.lauder.hu\/index.php\/biome17\/\" target=\"_blank\">Common Lilac \/ K\u00f6z\u00f6ns\u00e9ges orgona \/ <em>Syringa vulgaris<\/em><\/a><\/li><li><a href=\"https:\/\/summacum.lauder.hu\/index.php\/biome18\/\" data-type=\"URL\" data-id=\"https:\/\/summacum.lauder.hu\/index.php\/biome18\/\" target=\"_blank\" rel=\"noreferrer noopener\">Narrow-leaved Ash \/ Keskenylevel\u0171 k\u0151ris <strong>\/ <\/strong><em>Fraxinus angustifolia<\/em><\/a><\/li><li><a href=\"https:\/\/summacum.lauder.hu\/index.php\/biome19\/\" data-type=\"URL\" data-id=\"https:\/\/summacum.lauder.hu\/index.php\/biome19\/\" target=\"_blank\" rel=\"noreferrer noopener\">Common or English Lavender \/ K\u00f6z\u00f6ns\u00e9ges levendula \/ <em>Lavandula angustifolia<\/em><\/a><\/li><li><a href=\"https:\/\/summacum.lauder.hu\/index.php\/biome20\/\" data-type=\"URL\" data-id=\"https:\/\/summacum.lauder.hu\/index.php\/biome20\/\" target=\"_blank\" rel=\"noreferrer noopener\">Ninebark \/ Bangitalevel\u0171 h\u00f3lyagvessz\u0151\/ <em>Physocarpus opulifolius<\/em><\/a><\/li><li><a href=\"https:\/\/summacum.lauder.hu\/index.php\/biome21\/\" data-type=\"URL\" data-id=\"https:\/\/summacum.lauder.hu\/index.php\/biome21\/\" target=\"_blank\" rel=\"noreferrer noopener\">Common Crumblecap \/ Sereges tintagomba \/ <em>Coprinellus disseminatus<\/em><\/a><\/li><li><a href=\"https:\/\/summacum.lauder.hu\/index.php\/biome22\/\" data-type=\"URL\" data-id=\"https:\/\/summacum.lauder.hu\/index.php\/biome22\/\" target=\"_blank\" rel=\"noreferrer noopener\">Black Pine \/ Feketefeny\u0151 \/ <em>Pinus negra<\/em><\/a><\/li><li><a href=\"https:\/\/summacum.lauder.hu\/index.php\/biome23\/\" data-type=\"URL\" data-id=\"https:\/\/summacum.lauder.hu\/index.php\/biome23\/\" target=\"_blank\" rel=\"noreferrer noopener\">Oregon Grape \/ K\u00f6z\u00f6ns\u00e9ges mah\u00f3nia \/ <em>Berberis aquifolium<\/em><\/a><\/li><li><a href=\"https:\/\/summacum.lauder.hu\/index.php\/biome24\/\" data-type=\"URL\" data-id=\"https:\/\/summacum.lauder.hu\/index.php\/biome24\/\" target=\"_blank\" rel=\"noreferrer noopener\">Small-leaved Linden \/ Kislevel\u0171 h\u00e1rs \/ <em>Tilia Cordata<\/em><\/a><\/li><li><a href=\"https:\/\/summacum.lauder.hu\/index.php\/biome25\/\" data-type=\"URL\" data-id=\"https:\/\/summacum.lauder.hu\/index.php\/biome25\/\" target=\"_blank\" rel=\"noreferrer noopener\">Meadow Mushroom \/ Mezei csiperke \/ <em>Agaricus campestris<\/em><\/a><\/li><li><a href=\"https:\/\/summacum.lauder.hu\/index.php\/biome26\/\" data-type=\"URL\" data-id=\"https:\/\/summacum.lauder.hu\/index.php\/biome26\/\" target=\"_blank\" rel=\"noreferrer noopener\">Bearberry Cotoneaster \/ Nagylevel\u0171 mad\u00e1rbirs \/ <em>Cotoneaster dammeri<\/em><\/a><\/li><li><a href=\"https:\/\/summacum.lauder.hu\/index.php\/biome27\/\" data-type=\"URL\" data-id=\"https:\/\/summacum.lauder.hu\/index.php\/biome27\/\" target=\"_blank\" rel=\"noreferrer noopener\">Common Hawthorn \/ Egybib\u00e9s galagonya \/ <em>Crataegus Monogyna<\/em><\/a><\/li><li><a href=\"https:\/\/summacum.lauder.hu\/index.php\/biome28\/\" data-type=\"URL\" data-id=\"https:\/\/summacum.lauder.hu\/index.php\/biome28\/\" target=\"_blank\" rel=\"noreferrer noopener\">European Ash \/ Magas k\u0151ris \/ <em>Fraxinus Excelsior<\/em><\/a><\/li><\/ol>\n","protected":false},"excerpt":{"rendered":"<p>The Lauder Biome Project is a multidisciplinary initiative involving a number of&nbsp; sub projects for different age groups. It was started in 2023 and is meant to be expanded yearly by student groups in the fields of biology, language education, literature and design, while remaining open to future collaboration with other subjects. A Lauder Biome Projekt egy multidiszciplin\u00e1ris kezdem\u00e9nyez\u00e9s, amely sz\u00e1mos alprojektet foglal mag\u00e1ban, k\u00fcl\u00f6nb\u00f6z\u0151 korcsoportok sz\u00e1m\u00e1ra. A projekt 2023-ban indult, \u00e9s a tervek szerint \u00e9vente b\u0151v\u00fcl biol\u00f3gia, nyelv, irodalom,<\/p>\n","protected":false},"author":3,"featured_media":2347,"parent":0,"menu_order":0,"comment_status":"closed","ping_status":"closed","template":"","meta":[],"_links":{"self":[{"href":"https:\/\/summacum.lauder.hu\/index.php\/wp-json\/wp\/v2\/pages\/2249"}],"collection":[{"href":"https:\/\/summacum.lauder.hu\/index.php\/wp-json\/wp\/v2\/pages"}],"about":[{"href":"https:\/\/summacum.lauder.hu\/index.php\/wp-json\/wp\/v2\/types\/page"}],"author":[{"embeddable":true,"href":"https:\/\/summacum.lauder.hu\/index.php\/wp-json\/wp\/v2\/users\/3"}],"replies":[{"embeddable":true,"href":"https:\/\/summacum.lauder.hu\/index.php\/wp-json\/wp\/v2\/comments?post=2249"}],"version-history":[{"count":15,"href":"https:\/\/summacum.lauder.hu\/index.php\/wp-json\/wp\/v2\/pages\/2249\/revisions"}],"predecessor-version":[{"id":2640,"href":"https:\/\/summacum.lauder.hu\/index.php\/wp-json\/wp\/v2\/pages\/2249\/revisions\/2640"}],"wp:featuredmedia":[{"embeddable":true,"href":"https:\/\/summacum.lauder.hu\/index.php\/wp-json\/wp\/v2\/media\/2347"}],"wp:attachment":[{"href":"https:\/\/summacum.lauder.hu\/index.php\/wp-json\/wp\/v2\/media?parent=2249"}],"curies":[{"name":"wp","href":"https:\/\/api.w.org\/{rel}","templated":true}]}}