{"id":2289,"date":"2024-04-17T11:04:59","date_gmt":"2024-04-17T11:04:59","guid":{"rendered":"https:\/\/summacum.lauder.hu\/?page_id=2289"},"modified":"2024-06-17T13:52:58","modified_gmt":"2024-06-17T13:52:58","slug":"biome08","status":"publish","type":"page","link":"https:\/\/summacum.lauder.hu\/index.php\/biome08\/","title":{"rendered":"Seven-spot ladybird \/ H\u00e9tpettyes katicabog\u00e1r \/ Coccinella Septempunctata"},"content":{"rendered":"\n<figure class=\"wp-block-audio\"><audio controls src=\"https:\/\/summacum.lauder.hu\/wp-content\/uploads\/2024\/04\/08_Seven_spot_ladybird.mp3\"><\/audio><figcaption>Seven-spot ladybird<\/figcaption><\/figure>\n\n\n\n<figure class=\"wp-block-audio\"><audio controls src=\"https:\/\/summacum.lauder.hu\/wp-content\/uploads\/2024\/04\/08_Hetpettyes_katicabogar.mp3\"><\/audio><figcaption>H\u00e9tpettyes katicabog\u00e1r<\/figcaption><\/figure>\n\n\n\n<figure class=\"wp-block-image size-large\"><img loading=\"lazy\" width=\"1024\" height=\"760\" src=\"https:\/\/summacum.lauder.hu\/wp-content\/uploads\/2024\/06\/8-01-1024x760.jpg\" alt=\"\" class=\"wp-image-2708\" srcset=\"https:\/\/summacum.lauder.hu\/wp-content\/uploads\/2024\/06\/8-01-1024x760.jpg 1024w, https:\/\/summacum.lauder.hu\/wp-content\/uploads\/2024\/06\/8-01-300x223.jpg 300w, https:\/\/summacum.lauder.hu\/wp-content\/uploads\/2024\/06\/8-01-768x570.jpg 768w, https:\/\/summacum.lauder.hu\/wp-content\/uploads\/2024\/06\/8-01-1170x869.jpg 1170w, https:\/\/summacum.lauder.hu\/wp-content\/uploads\/2024\/06\/8-01.jpg 1515w\" sizes=\"(max-width: 1024px) 100vw, 1024px\" \/><\/figure>\n\n\n\n<p>8.<strong> Seven-spot ladybird \/ <\/strong><em>Coccinella Septempunctata<\/em><\/p>\n\n\n\n<p>The 7-spot ladybird is one of the most common ladybirds in Europe.<\/p>\n\n\n\n<p>Its elytra is red, punctuated with three and a half black spots on each wing. It has a black<\/p>\n\n\n\n<p>thorax, six short legs and a head with white spots on either side of the eyes. Its size can range from 7.6 mm even to 12.7 mm.<\/p>\n\n\n\n<p>Its nutritions are mainly from aphids, some beetles\u2019 and butterflies\u2019 larvae and eggs.<\/p>\n\n\n\n<p>The 7-spot ladybird inhabits a broad ecological range, you can find it in meadows, fields, gardens, forests and in many more places.<\/p>\n\n\n\n<p>This species has some unique skills, for example it can secrete a fluid from the joints in their<\/p>\n\n\n\n<p>legs, if it feels in danger. Its bright red color also warns the predators of their toxicity.<\/p>\n\n\n\n<p>The ladybug has been designated the national insect of Finland. It&#8217;s also the official state<\/p>\n\n\n\n<p>insect of five different states in the US. In Hungary they are the protagonists of popular nursery rhymes and poems.<\/p>\n\n\n\n<p><em><a rel=\"noreferrer noopener\" href=\"https:\/\/summacum.lauder.hu\/index.php\/biome00\/\" target=\"_blank\">Back to the menu of the learning path<\/a><\/em><\/p>\n\n\n\n<p>8. <strong>H\u00e9tpettyes katicabog\u00e1r \/ <\/strong><em>Coccinella Septempunctata<\/em><\/p>\n\n\n\n<p>A h\u00e9tpettyes katicabog\u00e1r az egyik leggyakoribb katicafaj Eur\u00f3p\u00e1ban. Sz\u00e1rnyfed\u0151je v\u00f6r\u00f6s, mindk\u00e9t sz\u00e1rny\u00e1n h\u00e1rom \u00e9s f\u00e9l fekete folt tal\u00e1lhat\u00f3. Feje, tor\u00e1hoz hasonl\u00f3an fekete, de mindk\u00e9t testt\u00e1j\u00e1n l\u00e1that\u00f3 k\u00e9t feh\u00e9r folt. M\u00e9rete 7,6 mm-t\u0151l 12,7 mm-ig terjedhet.<\/p>\n\n\n\n<p>T\u00e1pl\u00e1l\u00e9ka els\u0151sorban lev\u00e9ltetvekb\u0151l, egyes bogarak \u00e9s lepk\u00e9k l\u00e1rv\u00e1ib\u00f3l \u00e9s toj\u00e1saib\u00f3l \u00e1ll.<\/p>\n\n\n\n<p>A katica sokf\u00e9le \u00e9l\u0151helyen megtal\u00e1lhat\u00f3: r\u00e9teken, mez\u0151k\u00f6n, kertekben, erd\u0151kben \u00e9s m\u00e9g sz\u00e1mos helyen lakhat.<\/p>\n\n\n\n<p>A faj k\u00fcl\u00f6nlegess\u00e9ge, hogy folyad\u00e9kot tud kiv\u00e1lasztani a l\u00e1bai \u00edz\u00fcleteib\u0151l, ha vesz\u00e9lyben \u00e9rzi mag\u00e1t, melynek \u00e9l\u00e9nk v\u00f6r\u00f6s sz\u00edne a ragadoz\u00f3kat figyelmezteti m\u00e9rgez\u0151 hat\u00e1s\u00e1ra.<\/p>\n\n\n\n<p>A katicabogarat Finnorsz\u00e1g nemzeti rovar\u00e1nak v\u00e1lasztott\u00e1k \u00e9s az Egyes\u00fclt \u00c1llamok \u00f6t k\u00fcl\u00f6nb\u00f6z\u0151 \u00e1llam\u00e1nak hivatalos rovara is.<\/p>\n\n\n\n<p><em><a rel=\"noreferrer noopener\" href=\"https:\/\/summacum.lauder.hu\/index.php\/biome00\/\" target=\"_blank\">Vissza a tan\u00f6sv\u00e9ny men\u00fcj\u00e9be<\/a><\/em><\/p>\n","protected":false},"excerpt":{"rendered":"<p>8. Seven-spot ladybird \/ Coccinella Septempunctata The 7-spot ladybird is one of the most common ladybirds in Europe. Its elytra is red, punctuated with three and a half black spots on each wing. It has a black thorax, six short legs and a head with white spots on either side of the eyes. Its size can range from 7.6 mm even to 12.7 mm. Its nutritions are mainly from aphids, some beetles\u2019 and butterflies\u2019 larvae and eggs. The 7-spot ladybird<\/p>\n","protected":false},"author":3,"featured_media":0,"parent":0,"menu_order":0,"comment_status":"closed","ping_status":"closed","template":"","meta":[],"_links":{"self":[{"href":"https:\/\/summacum.lauder.hu\/index.php\/wp-json\/wp\/v2\/pages\/2289"}],"collection":[{"href":"https:\/\/summacum.lauder.hu\/index.php\/wp-json\/wp\/v2\/pages"}],"about":[{"href":"https:\/\/summacum.lauder.hu\/index.php\/wp-json\/wp\/v2\/types\/page"}],"author":[{"embeddable":true,"href":"https:\/\/summacum.lauder.hu\/index.php\/wp-json\/wp\/v2\/users\/3"}],"replies":[{"embeddable":true,"href":"https:\/\/summacum.lauder.hu\/index.php\/wp-json\/wp\/v2\/comments?post=2289"}],"version-history":[{"count":3,"href":"https:\/\/summacum.lauder.hu\/index.php\/wp-json\/wp\/v2\/pages\/2289\/revisions"}],"predecessor-version":[{"id":2709,"href":"https:\/\/summacum.lauder.hu\/index.php\/wp-json\/wp\/v2\/pages\/2289\/revisions\/2709"}],"wp:attachment":[{"href":"https:\/\/summacum.lauder.hu\/index.php\/wp-json\/wp\/v2\/media?parent=2289"}],"curies":[{"name":"wp","href":"https:\/\/api.w.org\/{rel}","templated":true}]}}