{"id":4695,"date":"2025-12-13T13:04:10","date_gmt":"2025-12-13T13:04:10","guid":{"rendered":"https:\/\/summacum.lauder.hu\/?page_id=4695"},"modified":"2026-04-03T16:19:31","modified_gmt":"2026-04-03T16:19:31","slug":"lama","status":"publish","type":"page","link":"https:\/\/summacum.lauder.hu\/index.php\/lama\/","title":{"rendered":"LAMA Orsz\u00e1gos Zsid\u00f3 T\u00f6rt\u00e9nelemverseny"},"content":{"rendered":"\n<p><strong>A zsid\u00f3 aranykor: a 19. sz\u00e1zadi zsid\u00f3s\u00e1g t\u00f6rt\u00e9nete Magyarorsz\u00e1gon<\/strong>&nbsp;&nbsp;&nbsp;&nbsp;&nbsp;&nbsp;&nbsp;&nbsp;<\/p>\n\n\n\n<div class=\"wp-block-image\"><figure class=\"aligncenter size-large is-resized\"><img loading=\"lazy\" src=\"https:\/\/summacum.lauder.hu\/wp-content\/uploads\/2026\/03\/LAMA-new-1.jpg\" alt=\"\" class=\"wp-image-4945\" width=\"409\" height=\"249\" srcset=\"https:\/\/summacum.lauder.hu\/wp-content\/uploads\/2026\/03\/LAMA-new-1.jpg 690w, https:\/\/summacum.lauder.hu\/wp-content\/uploads\/2026\/03\/LAMA-new-1-300x183.jpg 300w\" sizes=\"(max-width: 409px) 100vw, 409px\" \/><\/figure><\/div>\n\n\n\n<p>V\u00e1ltoz\u00f3 vil\u00e1gunkban folyamatosan szembes\u00fcl\u00fcnk k\u00e9rd\u00e9sekkel, legt\u00f6bbsz\u00f6r az mer\u00fcl fel benn\u00fcnk, hogy <strong>mi\u00e9rt<\/strong>. Ebb\u0151l a h\u00e9ber sz\u00f3b\u00f3l ered a verseny neve is: <strong>\u05dc\u05de\u05d4<\/strong> (ejtsd: \u201elama\u201d, jelent\u00e9se: \u201emi\u00e9rt\u201d). A <em>Lauder Javne Iskola<\/em> \u2013 Magyarorsz\u00e1g legnagyobb zsid\u00f3 iskol\u00e1ja \u2013 \u00e9vek \u00f3ta m\u0171k\u00f6dtet tehets\u00e9ggondoz\u00f3 programokat \u00e9s projekteket, amelyek er\u0151s\u00edtik az interdiszciplin\u00e1ris kapcsolatokat, felt\u00e1rj\u00e1k a zsid\u00f3 hagyom\u00e1ny \u00e9s a mindennapi \u00e9let kapcsol\u00f3d\u00e1sait. A <strong>LAMA Multiverzum Akad\u00e9mia Program <\/strong>a <em><a href=\"https:\/\/summacum.lauder.hu\/index.php\/lauder-mit\/\" data-type=\"URL\" data-id=\"https:\/\/summacum.lauder.hu\/index.php\/lauder-mit\/\" target=\"_blank\" rel=\"noreferrer noopener\">Di\u00e1klabor<\/a> <\/em>keretein bel\u00fcl m\u0171k\u00f6dik, a <em><a href=\"https:\/\/summacum.lauder.hu\/index.php\/category\/lauder-mit-diaklabor\/lama-lauder-multiverse-academy\/\" data-type=\"URL\" data-id=\"https:\/\/summacum.lauder.hu\/index.php\/category\/lauder-mit-diaklabor\/lama-lauder-multiverse-academy\/\" target=\"_blank\" rel=\"noreferrer noopener\">LAMA Akad\u00e9mia mesters\u00e9ges intelligencia kurzusa<\/a> <\/em>mellett.&nbsp;&nbsp;&nbsp;&nbsp;&nbsp;&nbsp;&nbsp;&nbsp;&nbsp;&nbsp;&nbsp;&nbsp;&nbsp;&nbsp;&nbsp;&nbsp;&nbsp;&nbsp;&nbsp;&nbsp;&nbsp;&nbsp;&nbsp;&nbsp;&nbsp;&nbsp;&nbsp;&nbsp;&nbsp;<\/p>\n\n\n\n<p>Ezekre \u00e9p\u00edtve indul el az idei zsid\u00f3 t\u00f6rt\u00e9nelem verseny, amely a 19. sz\u00e1zadi magyar zsid\u00f3s\u00e1g t\u00f6rt\u00e9net\u00e9re \u00e9s \u00e9let\u00e9re \u00f6sszpontos\u00edt. A verseny STEAM (tudom\u00e1ny, technol\u00f3gia, m\u00e9rn\u00f6ki tudom\u00e1ny, m\u0171v\u00e9szetek \u00e9s matematika) oktat\u00e1si elemet is integr\u00e1l. Ennek k\u00f6sz\u00f6nhet\u0151en a di\u00e1kok alaposabban meg\u00e9rtik a zsid\u00f3 t\u00f6rt\u00e9nelmet, \u00f6sszef\u00fcgg\u00e9seket t\u00e1rnak fel a t\u00f6rt\u00e9neti, tudom\u00e1nyos, technol\u00f3giai, m\u0171v\u00e9szeti \u00e9s matematikai fejl\u0151d\u00e9sben. A versenyt \u2013 a d\u00f6nt\u0151 fordul\u00f3j\u00e1ban \u2013 kieg\u00e9sz\u00edt\u0151 workshopok k\u00eds\u00e9rik, amelyek \u00faj technol\u00f3gi\u00e1kat (AR, VR, MI, 3D nyomtat\u00e1s) vonnak be, \u00e9s seg\u00edtik a r\u00e9sztvev\u0151ket a m\u00falt felfedez\u00e9s\u00e9ben \u00e9s meg\u00e9rt\u00e9s\u00e9ben.&nbsp;&nbsp;&nbsp;&nbsp;&nbsp;&nbsp;&nbsp;&nbsp;&nbsp;&nbsp;&nbsp;&nbsp;&nbsp;&nbsp;&nbsp;&nbsp;&nbsp;&nbsp;&nbsp;&nbsp;&nbsp;&nbsp;&nbsp;&nbsp;&nbsp;&nbsp;&nbsp;&nbsp;<\/p>\n\n\n\n<p><a rel=\"noreferrer noopener\" href=\"https:\/\/jelentkezes.lauder.hu\/lama\/\" data-type=\"URL\" data-id=\"https:\/\/jelentkezes.lauder.hu\/lama\/\" target=\"_blank\">VERSENYFELH\u00cdV\u00c1S<\/a><\/p>\n\n\n\n<p><strong>LAMA h\u00edrek<\/strong>:<\/p>\n\n\n\n<figure class=\"wp-block-image size-large\"><a href=\"https:\/\/summacum.lauder.hu\/index.php\/2026\/03\/10\/lama2026\/\"><img loading=\"lazy\" width=\"1024\" height=\"682\" src=\"https:\/\/summacum.lauder.hu\/wp-content\/uploads\/2026\/03\/LAMA01-1024x682.jpg\" alt=\"\" class=\"wp-image-4924\" srcset=\"https:\/\/summacum.lauder.hu\/wp-content\/uploads\/2026\/03\/LAMA01-1024x682.jpg 1024w, https:\/\/summacum.lauder.hu\/wp-content\/uploads\/2026\/03\/LAMA01-300x200.jpg 300w, https:\/\/summacum.lauder.hu\/wp-content\/uploads\/2026\/03\/LAMA01-768x512.jpg 768w, https:\/\/summacum.lauder.hu\/wp-content\/uploads\/2026\/03\/LAMA01-1536x1024.jpg 1536w, https:\/\/summacum.lauder.hu\/wp-content\/uploads\/2026\/03\/LAMA01-1170x780.jpg 1170w, https:\/\/summacum.lauder.hu\/wp-content\/uploads\/2026\/03\/LAMA01.jpg 1688w\" sizes=\"(max-width: 1024px) 100vw, 1024px\" \/><\/a><figcaption>A 2026-os verseny nyertesei &#8211; <a href=\"https:\/\/summacum.lauder.hu\/index.php\/2026\/03\/10\/lama2026\/\" data-type=\"URL\" data-id=\"https:\/\/summacum.lauder.hu\/index.php\/2026\/03\/10\/lama2026\/\" target=\"_blank\" rel=\"noreferrer noopener\">a r\u00e9szletes besz\u00e1mol\u00f3 itt olvashat\u00f3<\/a><\/figcaption><\/figure>\n\n\n\n<div class=\"wp-block-image\"><figure class=\"aligncenter size-large is-resized\"><img loading=\"lazy\" src=\"https:\/\/summacum.lauder.hu\/wp-content\/uploads\/2026\/01\/LAMA-feladat-1.jpg\" alt=\"\" class=\"wp-image-4812\" width=\"513\" height=\"719\" srcset=\"https:\/\/summacum.lauder.hu\/wp-content\/uploads\/2026\/01\/LAMA-feladat-1.jpg 720w, https:\/\/summacum.lauder.hu\/wp-content\/uploads\/2026\/01\/LAMA-feladat-1-214x300.jpg 214w\" sizes=\"(max-width: 513px) 100vw, 513px\" \/><\/figure><\/div>\n\n\n\n<div class=\"wp-block-file aligncenter\"><a href=\"https:\/\/summacum.lauder.hu\/wp-content\/uploads\/2026\/01\/LAMA_elozetesfeladat_donto.pdf\">LAMA &#8211; el\u0151zetes feladat let\u00f6lt\u00e9se pdf-k\u00e9nt<\/a><a href=\"https:\/\/summacum.lauder.hu\/wp-content\/uploads\/2026\/01\/LAMA_elozetesfeladat_donto.pdf\" class=\"wp-block-file__button\" download>Let\u00f6lt\u00e9s<\/a><\/div>\n\n\n\n<p>Kapcsolat: <em>Czir\u00f3k Andr\u00e1s, a verseny szakmai vezet\u0151je<\/em>\u00a0\u00a0\u00a0\u00a0\u00a0\u00a0\u00a0\u00a0\u00a0\u00a0<br><a rel=\"noreferrer noopener\" href=\"mailto:lamaverseny@lauder.hu\" target=\"_blank\">lamaverseny@lauder.hu<\/a><\/p>\n\n\n\n<p>Sajt\u00f3szemle:<\/p>\n\n\n\n<ul><li><a rel=\"noreferrer noopener\" href=\"https:\/\/kibic.hu\/2026\/03\/24\/rendhagyo-tortenelmi-utazas-a-lauder-iskolaban\/\" data-type=\"URL\" data-id=\"https:\/\/kibic.hu\/2026\/03\/24\/rendhagyo-tortenelmi-utazas-a-lauder-iskolaban\/\" target=\"_blank\"><strong>Rendhagy\u00f3 t\u00f6rt\u00e9nelmi utaz\u00e1s a Lauder Iskol\u00e1ban<\/strong><\/a><\/li><li><a rel=\"noreferrer noopener\" href=\"https:\/\/www.dszcpechy.hu\/hirek\/diakunk-masodik-lett-az-orszagos-zsido-toertenelemversenyen\" data-type=\"URL\" data-id=\"https:\/\/www.dszcpechy.hu\/hirek\/diakunk-masodik-lett-az-orszagos-zsido-toertenelemversenyen\" target=\"_blank\"><strong>Di\u00e1kunk m\u00e1sodik lett az orsz\u00e1gos zsid\u00f3 t\u00f6rt\u00e9nelemversenyen<\/strong><\/a><\/li><li><a rel=\"noreferrer noopener\" href=\"https:\/\/kossuth-tfured.edu.hu\/olah-attila-levente-orszagos-3-helyezett-lett-a-lauder-tortenelem-versenyen\/\" data-type=\"URL\" data-id=\"https:\/\/kossuth-tfured.edu.hu\/olah-attila-levente-orszagos-3-helyezett-lett-a-lauder-tortenelem-versenyen\/\" target=\"_blank\"><strong>Ol\u00e1h Attila Levente orsz\u00e1gos 3. helyezett lett a Lauder t\u00f6rt\u00e9nelem verseny\u00e9n<\/strong><\/a><\/li><\/ul>\n\n\n\n<p>T\u00e1mogat\u00f3ink: <\/p>\n\n\n\n<div class=\"wp-block-image\"><figure class=\"aligncenter size-large is-resized\"><a href=\"https:\/\/united-jed.org\/renaissance\/\"><img loading=\"lazy\" src=\"https:\/\/summacum.lauder.hu\/wp-content\/uploads\/2025\/12\/Renaissance-Logo-Horizontal-2-1024x312.png\" alt=\"\" class=\"wp-image-4697\" width=\"370\" height=\"112\" srcset=\"https:\/\/summacum.lauder.hu\/wp-content\/uploads\/2025\/12\/Renaissance-Logo-Horizontal-2-1024x312.png 1024w, https:\/\/summacum.lauder.hu\/wp-content\/uploads\/2025\/12\/Renaissance-Logo-Horizontal-2-300x91.png 300w, https:\/\/summacum.lauder.hu\/wp-content\/uploads\/2025\/12\/Renaissance-Logo-Horizontal-2-768x234.png 768w, https:\/\/summacum.lauder.hu\/wp-content\/uploads\/2025\/12\/Renaissance-Logo-Horizontal-2-1170x356.png 1170w, https:\/\/summacum.lauder.hu\/wp-content\/uploads\/2025\/12\/Renaissance-Logo-Horizontal-2.png 1347w\" sizes=\"(max-width: 370px) 100vw, 370px\" \/><\/a><\/figure><\/div>\n\n\n\n<div class=\"wp-block-image\"><figure class=\"aligncenter size-large is-resized\"><a href=\"https:\/\/paideia-eu.org\/\"><img loading=\"lazy\" src=\"https:\/\/summacum.lauder.hu\/wp-content\/uploads\/2025\/12\/Paideia_2024_logotyp_institut_Soot-1024x294.png\" alt=\"\" class=\"wp-image-4698\" width=\"327\" height=\"93\" srcset=\"https:\/\/summacum.lauder.hu\/wp-content\/uploads\/2025\/12\/Paideia_2024_logotyp_institut_Soot-1024x294.png 1024w, https:\/\/summacum.lauder.hu\/wp-content\/uploads\/2025\/12\/Paideia_2024_logotyp_institut_Soot-300x86.png 300w, https:\/\/summacum.lauder.hu\/wp-content\/uploads\/2025\/12\/Paideia_2024_logotyp_institut_Soot-768x220.png 768w, https:\/\/summacum.lauder.hu\/wp-content\/uploads\/2025\/12\/Paideia_2024_logotyp_institut_Soot-783x225.png 783w, https:\/\/summacum.lauder.hu\/wp-content\/uploads\/2025\/12\/Paideia_2024_logotyp_institut_Soot-1000x287.png 1000w, https:\/\/summacum.lauder.hu\/wp-content\/uploads\/2025\/12\/Paideia_2024_logotyp_institut_Soot-1170x336.png 1170w, https:\/\/summacum.lauder.hu\/wp-content\/uploads\/2025\/12\/Paideia_2024_logotyp_institut_Soot.png 1234w\" sizes=\"(max-width: 327px) 100vw, 327px\" \/><\/a><\/figure><\/div>\n\n\n\n<div class=\"wp-block-image\"><figure class=\"aligncenter size-large is-resized\"><img loading=\"lazy\" src=\"https:\/\/summacum.lauder.hu\/wp-content\/uploads\/2026\/01\/KKL_logo-772x1024.png\" alt=\"\" class=\"wp-image-4819\" width=\"178\" height=\"236\" srcset=\"https:\/\/summacum.lauder.hu\/wp-content\/uploads\/2026\/01\/KKL_logo-772x1024.png 772w, https:\/\/summacum.lauder.hu\/wp-content\/uploads\/2026\/01\/KKL_logo-226x300.png 226w, https:\/\/summacum.lauder.hu\/wp-content\/uploads\/2026\/01\/KKL_logo-768x1019.png 768w, https:\/\/summacum.lauder.hu\/wp-content\/uploads\/2026\/01\/KKL_logo.png 804w\" sizes=\"(max-width: 178px) 100vw, 178px\" \/><\/figure><\/div>\n","protected":false},"excerpt":{"rendered":"<p>A zsid\u00f3 aranykor: a 19. sz\u00e1zadi zsid\u00f3s\u00e1g t\u00f6rt\u00e9nete Magyarorsz\u00e1gon&nbsp;&nbsp;&nbsp;&nbsp;&nbsp;&nbsp;&nbsp;&nbsp; V\u00e1ltoz\u00f3 vil\u00e1gunkban folyamatosan szembes\u00fcl\u00fcnk k\u00e9rd\u00e9sekkel, legt\u00f6bbsz\u00f6r az mer\u00fcl fel benn\u00fcnk, hogy mi\u00e9rt. Ebb\u0151l a h\u00e9ber sz\u00f3b\u00f3l ered a verseny neve is: \u05dc\u05de\u05d4 (ejtsd: \u201elama\u201d, jelent\u00e9se: \u201emi\u00e9rt\u201d). A Lauder Javne Iskola \u2013 Magyarorsz\u00e1g legnagyobb zsid\u00f3 iskol\u00e1ja \u2013 \u00e9vek \u00f3ta m\u0171k\u00f6dtet tehets\u00e9ggondoz\u00f3 programokat \u00e9s projekteket, amelyek er\u0151s\u00edtik az interdiszciplin\u00e1ris kapcsolatokat, felt\u00e1rj\u00e1k a zsid\u00f3 hagyom\u00e1ny \u00e9s a mindennapi \u00e9let kapcsol\u00f3d\u00e1sait. A LAMA Multiverzum Akad\u00e9mia Program a Di\u00e1klabor keretein bel\u00fcl m\u0171k\u00f6dik, a LAMA Akad\u00e9mia mesters\u00e9ges<\/p>\n","protected":false},"author":3,"featured_media":0,"parent":0,"menu_order":0,"comment_status":"closed","ping_status":"closed","template":"","meta":[],"_links":{"self":[{"href":"https:\/\/summacum.lauder.hu\/index.php\/wp-json\/wp\/v2\/pages\/4695"}],"collection":[{"href":"https:\/\/summacum.lauder.hu\/index.php\/wp-json\/wp\/v2\/pages"}],"about":[{"href":"https:\/\/summacum.lauder.hu\/index.php\/wp-json\/wp\/v2\/types\/page"}],"author":[{"embeddable":true,"href":"https:\/\/summacum.lauder.hu\/index.php\/wp-json\/wp\/v2\/users\/3"}],"replies":[{"embeddable":true,"href":"https:\/\/summacum.lauder.hu\/index.php\/wp-json\/wp\/v2\/comments?post=4695"}],"version-history":[{"count":14,"href":"https:\/\/summacum.lauder.hu\/index.php\/wp-json\/wp\/v2\/pages\/4695\/revisions"}],"predecessor-version":[{"id":5014,"href":"https:\/\/summacum.lauder.hu\/index.php\/wp-json\/wp\/v2\/pages\/4695\/revisions\/5014"}],"wp:attachment":[{"href":"https:\/\/summacum.lauder.hu\/index.php\/wp-json\/wp\/v2\/media?parent=4695"}],"curies":[{"name":"wp","href":"https:\/\/api.w.org\/{rel}","templated":true}]}}