{"id":5044,"date":"2026-04-23T07:52:24","date_gmt":"2026-04-23T07:52:24","guid":{"rendered":"https:\/\/summacum.lauder.hu\/?page_id=5044"},"modified":"2026-04-23T07:52:25","modified_gmt":"2026-04-23T07:52:25","slug":"j-base","status":"publish","type":"page","link":"https:\/\/summacum.lauder.hu\/index.php\/j-base\/","title":{"rendered":"J-Base &#8211; Zsid\u00f3 m\u0171v\u00e9szeti \u00e9s tudom\u00e1nyos \u00f6r\u00f6ks\u00e9g \u00fajragondol\u00e1sa"},"content":{"rendered":"\n<p>A projekt c\u00e9lja zsid\u00f3 m\u0171v\u00e9szek\/tud\u00f3sok \u00e9letm\u0171v\u00e9nek kort\u00e1rs \u00fajra\u00e9rtelmez\u00e9se az identit\u00e1s \u00e9s kultur\u00e1lis eml\u00e9kezet t\u00e9m\u00e1j\u00e1n kereszt\u00fcl. A r\u00e9sztvev\u0151k 2\u20133 kort\u00e1rs m\u0171v\u00e9sszel k\u00f6z\u00f6s workshopokon dolgozz\u00e1k fel a megismert alkot\u00f3i \u00f6r\u00f6ks\u00e9get, majd a l\u00e9trej\u00f6v\u0151 munk\u00e1k v\u00e1ndorki\u00e1ll\u00edt\u00e1s form\u00e1j\u00e1ban ker\u00fclnek bemutat\u00e1sra. Az alkot\u00e1s b\u00e1zisa a<em> Lauder MIT Di\u00e1klabor<\/em>, ahol a modern oktat\u00e1stechnol\u00f3gia eszk\u00f6zparkja tal\u00e1lkozik a m\u0171v\u00e9szettel \u00e9s a zsid\u00f3 trad\u00edci\u00f3kkal. A program a m\u00falt \u00e9s jelen k\u00f6z\u00f6tti p\u00e1rbesz\u00e9det, valamint a fiatal gener\u00e1ci\u00f3k szem\u00e9lyes kapcsol\u00f3d\u00e1s\u00e1t er\u0151s\u00edti a zsid\u00f3 kultur\u00e1lis hagyom\u00e1nyhoz. A k\u00f6z\u00f6s alkot\u00e1ssal egy\u00fctt form\u00e1ljuk identit\u00e1sunkat \u00e9s a j\u00f6v\u0151nket.\u00a0<\/p>\n\n\n\n<p><\/p>\n\n\n\n<p><strong><em>A Lauder Javne Iskola &#8220;J-Base &#8211; Zsid\u00f3 m\u0171v\u00e9szeti \u00e9s tudom\u00e1nyos \u00f6r\u00f6ks\u00e9g \u00fajragondol\u00e1saprojektje&#8221; a Bethlen G\u00e1bor Alapkezel\u0151 Zrt., a Minisztereln\u00f6ks\u00e9g \u00e9s a MAZS\u00d6K t\u00e1mogat\u00e1s\u00e1val val\u00f3sult meg.<\/em><\/strong><\/p>\n\n\n\n<figure class=\"wp-block-image\"><img loading=\"lazy\" width=\"1024\" height=\"348\" src=\"https:\/\/summacum.lauder.hu\/wp-content\/uploads\/2025\/12\/majim-logok-1024x348.jpg\" alt=\"\" class=\"wp-image-4642\" srcset=\"https:\/\/summacum.lauder.hu\/wp-content\/uploads\/2025\/12\/majim-logok-1024x348.jpg 1024w, https:\/\/summacum.lauder.hu\/wp-content\/uploads\/2025\/12\/majim-logok-300x102.jpg 300w, https:\/\/summacum.lauder.hu\/wp-content\/uploads\/2025\/12\/majim-logok-768x261.jpg 768w, https:\/\/summacum.lauder.hu\/wp-content\/uploads\/2025\/12\/majim-logok-1170x398.jpg 1170w, https:\/\/summacum.lauder.hu\/wp-content\/uploads\/2025\/12\/majim-logok.jpg 1247w\" sizes=\"(max-width: 1024px) 100vw, 1024px\" \/><\/figure>\n","protected":false},"excerpt":{"rendered":"<p>A projekt c\u00e9lja zsid\u00f3 m\u0171v\u00e9szek\/tud\u00f3sok \u00e9letm\u0171v\u00e9nek kort\u00e1rs \u00fajra\u00e9rtelmez\u00e9se az identit\u00e1s \u00e9s kultur\u00e1lis eml\u00e9kezet t\u00e9m\u00e1j\u00e1n kereszt\u00fcl. A r\u00e9sztvev\u0151k 2\u20133 kort\u00e1rs m\u0171v\u00e9sszel k\u00f6z\u00f6s workshopokon dolgozz\u00e1k fel a megismert alkot\u00f3i \u00f6r\u00f6ks\u00e9get, majd a l\u00e9trej\u00f6v\u0151 munk\u00e1k v\u00e1ndorki\u00e1ll\u00edt\u00e1s form\u00e1j\u00e1ban ker\u00fclnek bemutat\u00e1sra. Az alkot\u00e1s b\u00e1zisa a Lauder MIT Di\u00e1klabor, ahol a modern oktat\u00e1stechnol\u00f3gia eszk\u00f6zparkja tal\u00e1lkozik a m\u0171v\u00e9szettel \u00e9s a zsid\u00f3 trad\u00edci\u00f3kkal. A program a m\u00falt \u00e9s jelen k\u00f6z\u00f6tti p\u00e1rbesz\u00e9det, valamint a fiatal gener\u00e1ci\u00f3k szem\u00e9lyes kapcsol\u00f3d\u00e1s\u00e1t er\u0151s\u00edti a zsid\u00f3 kultur\u00e1lis hagyom\u00e1nyhoz. A k\u00f6z\u00f6s alkot\u00e1ssal egy\u00fctt form\u00e1ljuk identit\u00e1sunkat<\/p>\n","protected":false},"author":3,"featured_media":0,"parent":0,"menu_order":0,"comment_status":"closed","ping_status":"closed","template":"","meta":[],"_links":{"self":[{"href":"https:\/\/summacum.lauder.hu\/index.php\/wp-json\/wp\/v2\/pages\/5044"}],"collection":[{"href":"https:\/\/summacum.lauder.hu\/index.php\/wp-json\/wp\/v2\/pages"}],"about":[{"href":"https:\/\/summacum.lauder.hu\/index.php\/wp-json\/wp\/v2\/types\/page"}],"author":[{"embeddable":true,"href":"https:\/\/summacum.lauder.hu\/index.php\/wp-json\/wp\/v2\/users\/3"}],"replies":[{"embeddable":true,"href":"https:\/\/summacum.lauder.hu\/index.php\/wp-json\/wp\/v2\/comments?post=5044"}],"version-history":[{"count":1,"href":"https:\/\/summacum.lauder.hu\/index.php\/wp-json\/wp\/v2\/pages\/5044\/revisions"}],"predecessor-version":[{"id":5045,"href":"https:\/\/summacum.lauder.hu\/index.php\/wp-json\/wp\/v2\/pages\/5044\/revisions\/5045"}],"wp:attachment":[{"href":"https:\/\/summacum.lauder.hu\/index.php\/wp-json\/wp\/v2\/media?parent=5044"}],"curies":[{"name":"wp","href":"https:\/\/api.w.org\/{rel}","templated":true}]}}

J-Base &#8211; Zsidó művészeti és tudományos örökség újragondolása

<p>A projekt célja zsidó művészek/tudósok életművének kortárs újraértelmezése az identitás és kulturális emlékezet témáján keresztül. A résztvevők 2–3 kortárs művésszel közös workshopokon dolgozzák fel a megismert alkotói örökséget, majd a létrejövő munkák vándorkiállítás formájában kerülnek bemutatásra. Az alkotás bázisa a<em> Lauder MIT Diáklabor</em>, ahol a modern oktatástechnológia eszközparkja találkozik a művészettel és a zsidó tradíciókkal. A program a múlt és jelen közötti párbeszédet, valamint a fiatal generációk személyes kapcsolódását erősíti a zsidó kulturális hagyományhoz. A közös alkotással együtt formáljuk identitásunkat és a jövőnket. </p>



<p></p>



<p><strong><em>A Lauder Javne Iskola &#8220;J-Base &#8211; Zsidó művészeti és tudományos örökség újragondolásaprojektje&#8221; a Bethlen Gábor Alapkezelő Zrt., a Miniszterelnökség és a MAZSÖK támogatásával valósult meg.</em></strong></p>



<figure class="wp-block-image"><img loading="lazy" width="1024" height="348" src="https://summacum.lauder.hu/wp-content/uploads/2025/12/majim-logok-1024x348.jpg" alt="" class="wp-image-4642" srcset="https://summacum.lauder.hu/wp-content/uploads/2025/12/majim-logok-1024x348.jpg 1024w, https://summacum.lauder.hu/wp-content/uploads/2025/12/majim-logok-300x102.jpg 300w, https://summacum.lauder.hu/wp-content/uploads/2025/12/majim-logok-768x261.jpg 768w, https://summacum.lauder.hu/wp-content/uploads/2025/12/majim-logok-1170x398.jpg 1170w, https://summacum.lauder.hu/wp-content/uploads/2025/12/majim-logok.jpg 1247w" sizes="(max-width: 1024px) 100vw, 1024px" /></figure>

<p>A projekt célja zsidó művészek/tudósok életművének kortárs újraértelmezése az identitás és kulturális emlékezet témáján keresztül. A résztvevők 2–3 kortárs művésszel közös workshopokon dolgozzák fel a megismert alkotói örökséget, majd a létrejövő munkák vándorkiállítás formájában kerülnek bemutatásra. Az alkotás bázisa a Lauder MIT Diáklabor, ahol a modern oktatástechnológia eszközparkja találkozik a művészettel és a zsidó tradíciókkal. A program a múlt és jelen közötti párbeszédet, valamint a fiatal generációk személyes kapcsolódását erősíti a zsidó kulturális hagyományhoz. A közös alkotással együtt formáljuk identitásunkat</p>
